{"id":7,"date":"2015-01-27T05:59:08","date_gmt":"2015-01-27T05:59:08","guid":{"rendered":"http:\/\/luftsportverein-fuessen.de\/?page_id=6"},"modified":"2026-04-09T14:25:37","modified_gmt":"2026-04-09T12:25:37","slug":"fliegen-lernen","status":"publish","type":"page","link":"https:\/\/luftsportverein-fuessen.de\/?page_id=7","title":{"rendered":"Fliegen lernen"},"content":{"rendered":"<h3><strong>Kann ich tats\u00e4chlich Segelfliegen lernen?<\/strong><\/h3>\n<p>Warum nicht? Ein Flugzeug in der Luft zu halten ist zun\u00e4chst mal nicht schwerer als mit dem Rad zu fahren. Du musst mindestens 14 sein, um die Ausbildung beginnen zu k\u00f6nnen. Wir hatten schon Flugsch\u00fcler von 14 bis 65 Jahren. Au\u00dferdem solltest du keine schweren Gebrechen oder Krankheiten haben, weil ein Fliegerarzt dir deine Flugtauglichkeit best\u00e4tigen muss.<\/p>\n<h3><strong>Kann ich das mal ausprobieren?<\/strong><\/h3>\n<p>Na klar. Du kannst gerne mal einen Tag vorbeikommen und ein paar Starts machen. Eigens f\u00fcr Jugendliche bieten wir au\u00dferdem eine einmonatige\u00a0<a href=\"https:\/\/luftsportverein-fuessen.de\/?p=282\">Probe-Mitgliedschaft<\/a> an. Komm doch bei sch\u00f6nem Wetter einfach zu uns an den Segelflugstart und frage nach<br \/>\n<a href=\"mailto:peter.kahlhammer@t-online.de\">Peter Kahlhammer<\/a> (Ausbildungsleiter) oder <a href=\"geschaeftsfuehrer@luftsportverein-fuessen.de\">Peter von Wurmb<\/a> (Fluglehrer). Sie beantworten dir alle deine Fragen und nehmen dich auch gerne einmal mit, wenn es in den Ablauf passt.<\/p>\n<h3><strong>Wie teuer ist Segelfliegen?<\/strong><\/h3>\n<p>F\u00fcr ca. 60 Euro im Monat kannst du das ganze Jahr fliegen, so viel du willst. Und das Beste: F\u00fcr die Ausbildung zum Piloten fallen keine separaten Geb\u00fchren an, da alle Fluglehrer ehrenamtlich arbeiten. In einer kommerziellen Flugschule kostet dich der Pilotenschein zw. 3.500 \u20ac und 5.000 \u20ac.<\/p>\n<h3><strong>Wie sieht die Ausbildung aus?<\/strong><\/h3>\n<p><a href=\"https:\/\/luftsportverein-fuessen.de\/wp-content\/uploads\/2015\/01\/Schulung_2.png\"><img loading=\"lazy\" decoding=\"async\" class=\"alignleft size-medium wp-image-92\" src=\"https:\/\/luftsportverein-fuessen.de\/wp-content\/uploads\/2015\/01\/Schulung_2-300x200.png\" alt=\"Schulung_2\" width=\"300\" height=\"200\" hspace=\"10\" srcset=\"https:\/\/luftsportverein-fuessen.de\/wp-content\/uploads\/2015\/01\/Schulung_2-300x200.png 300w, https:\/\/luftsportverein-fuessen.de\/wp-content\/uploads\/2015\/01\/Schulung_2.png 700w\" sizes=\"auto, (max-width: 300px) 100vw, 300px\" \/><\/a>Am Anfang fliegst du zusammen mit dem Fluglehrer im Doppelsitzer und \u00fcbst Starts, Landungen und das Beherrschen des Flugzeugs in der Luft. Nach einiger Zeit bleibt dein Fluglehrer am Boden und du darfst zum ersten Mal ganz alleine fliegen \u2013 ein gro\u00dfer Schritt nach vorne.<\/p>\n<p>Du trainierst \u2013 mal alleine, mal mit Fluglehrer \u2013 das Finden von Aufwinden und anspruchsvollere Flugman\u00f6ver. Au\u00dferdem steigst auf andere Flugzeuge um. \u00c4hnlich wie beim Autof\u00fchrerschein gibt es eine theoretische Pr\u00fcfung (multiple choice), f\u00fcr die du b\u00fcffeln musst.<\/p>\n<p>Du fliegst kleinere Strecken und beherrscht das Flugzeug, dann dauert es nicht mehr lange und der Pr\u00fcfer kann kommen, um mit dir zusammen zu fliegen. Mit dem Bestehen der praktischen Pr\u00fcfung hast du die Ausbildung zum Segelfliegen erfolgreich absolviert und deinen Pilotenschein in der Tasche.<\/p>\n<h3><strong>Was brauche ich zum Fliegen?<\/strong><\/h3>\n<p><a href=\"https:\/\/luftsportverein-fuessen.de\/wp-content\/uploads\/2015\/01\/Bergfalke.jpg\"><img loading=\"lazy\" decoding=\"async\" class=\"alignright size-medium wp-image-71\" src=\"https:\/\/luftsportverein-fuessen.de\/wp-content\/uploads\/2015\/01\/Bergfalke-300x169.jpg\" alt=\"Bergfalke\" width=\"300\" height=\"169\" srcset=\"https:\/\/luftsportverein-fuessen.de\/wp-content\/uploads\/2015\/01\/Bergfalke-300x169.jpg 300w, https:\/\/luftsportverein-fuessen.de\/wp-content\/uploads\/2015\/01\/Bergfalke-1024x575.jpg 1024w\" sizes=\"auto, (max-width: 300px) 100vw, 300px\" \/><\/a>Eine Sonnenbrille und irgendeine Kopfbedeckung, damit du am Boden und in der Luft keinen Sonnenstich bekommst. Das war\u2019s. Ein eigenes Flugzeug ben\u00f6tigst du nicht. Bereits als Flugsch\u00fcler stehen dir alle Segelflugzeuge des Vereins zur Verf\u00fcgung. Weil du bei uns eine Flatrate f\u00fcr die Flugzeiten bezahlst, kommst du besonders g\u00fcnstig weg, wenn du viel fliegst.<\/p>\n<p>Um es gleich zu sagen: Fliegen ist manchmal ein bisschen mit Papierkram verbunden. Wenn Du Dich f\u00fcr eine Ausbildung entscheidest, brauchst Du:<\/p>\n<ul>\n<li>Ein flieger\u00e4rztliches Tauglichkeitszeugnis Klasse II. Dazu muss man landl\u00e4ufig gesund sein und gut sehen, eine Brille ist aber KEIN Hindernis. Wir sagen Dir genau, wohin Du f\u00fcr das &#8222;Medical&#8220; gehen musst.<\/li>\n<li>Ein polizeiliches F\u00fchrungszeugnis. Du solltest also unbescholten sein, sprich keine Vorstrafen haben.<\/li>\n<li>Einen Auszug aus dem Verkehrszentralregister. Ein Punkt oder zwei sind nicht schlimm, aber wenn man Dich da gut kennt, ist das ein Problem.<\/li>\n<\/ul>\n<p>Klingt stressig, aber wir helfen Dir beim Beantragen. Alles halb so wild.<\/p>\n<p>M\u00f6chtest du mehr wissen, dann schick uns eine Mail an <a href=\"mailto:info@bauberatung-poetschke.de\">info@luftsportverein-fuessen.de<\/a>.<\/p>\n","protected":false},"excerpt":{"rendered":"<p>Kann ich tats\u00e4chlich Segelfliegen lernen? Warum nicht? Ein Flugzeug in der Luft zu halten ist zun\u00e4chst mal nicht schwerer als mit dem Rad zu fahren. Du musst mindestens 14 sein, um die Ausbildung beginnen zu k\u00f6nnen. Wir hatten schon Flugsch\u00fcler von 14 bis 65 Jahren. Au\u00dferdem solltest du keine schweren Gebrechen oder Krankheiten haben, weil [&hellip;]<\/p>\n","protected":false},"author":1,"featured_media":92,"parent":0,"menu_order":0,"comment_status":"closed","ping_status":"closed","template":"","meta":{"footnotes":""},"class_list":["post-7","page","type-page","status-publish","has-post-thumbnail","czr-hentry"],"_links":{"self":[{"href":"https:\/\/luftsportverein-fuessen.de\/index.php?rest_route=\/wp\/v2\/pages\/7","targetHints":{"allow":["GET"]}}],"collection":[{"href":"https:\/\/luftsportverein-fuessen.de\/index.php?rest_route=\/wp\/v2\/pages"}],"about":[{"href":"https:\/\/luftsportverein-fuessen.de\/index.php?rest_route=\/wp\/v2\/types\/page"}],"author":[{"embeddable":true,"href":"https:\/\/luftsportverein-fuessen.de\/index.php?rest_route=\/wp\/v2\/users\/1"}],"replies":[{"embeddable":true,"href":"https:\/\/luftsportverein-fuessen.de\/index.php?rest_route=%2Fwp%2Fv2%2Fcomments&post=7"}],"version-history":[{"count":18,"href":"https:\/\/luftsportverein-fuessen.de\/index.php?rest_route=\/wp\/v2\/pages\/7\/revisions"}],"predecessor-version":[{"id":1480,"href":"https:\/\/luftsportverein-fuessen.de\/index.php?rest_route=\/wp\/v2\/pages\/7\/revisions\/1480"}],"wp:featuredmedia":[{"embeddable":true,"href":"https:\/\/luftsportverein-fuessen.de\/index.php?rest_route=\/wp\/v2\/media\/92"}],"wp:attachment":[{"href":"https:\/\/luftsportverein-fuessen.de\/index.php?rest_route=%2Fwp%2Fv2%2Fmedia&parent=7"}],"curies":[{"name":"wp","href":"https:\/\/api.w.org\/{rel}","templated":true}]}}